CRAN Package Check Results for Package permutes

Last updated on 2021-06-22 09:51:46 CEST.

Flavor Version Tinstall Tcheck Ttotal Status Flags
r-devel-linux-x86_64-debian-clang 2.0.1 3.42 143.36 146.78 OK
r-devel-linux-x86_64-debian-gcc 2.0.1 2.70 105.21 107.91 OK
r-devel-linux-x86_64-fedora-clang 2.0.1 177.96 OK
r-devel-linux-x86_64-fedora-gcc 2.0.1 171.17 OK
r-devel-windows-x86_64 2.0.1 6.00 173.00 179.00 OK
r-devel-windows-x86_64-gcc10-UCRT 2.0.1 ERROR
r-patched-linux-x86_64 2.0.1 3.73 138.72 142.45 OK
r-patched-solaris-x86 2.0.1 208.70 OK
r-release-linux-x86_64 2.0.1 3.54 136.64 140.18 OK
r-release-macos-arm64 2.0.1 OK
r-release-macos-x86_64 2.0.1 OK
r-release-windows-ix86+x86_64 2.0.1 8.00 194.00 202.00 OK
r-oldrel-macos-x86_64 2.0.1 OK

Check Details

Version: 2.0.1
Check: package dependencies
Result: NOTE
    Package suggested but not available for checking: 'car'
Flavor: r-devel-windows-x86_64-gcc10-UCRT

Version: 2.0.1
Check: examples
Result: ERROR
    Running examples in 'permutes-Ex.R' failed
    The error most likely occurred in:
    
    > ### Name: clusterperm.glmer
    > ### Title: Cluster-based permutation tests for time series data, based on
    > ### generalized linear mixed-effects models or other 'buildmer' models.
    > ### This is an alias for 'clusterperm.lmer' provided for discoverability.
    > ### Aliases: clusterperm.glmer
    >
    > ### ** Examples
    >
    > ## Don't show:
    > perms <- perm.glmer(Fz ~ Deviant*Session + (1|Subject),data=MMN[MMN$Time > 200 & MMN$Time < 205,],nperm=2,type='anova')
    Loading required namespace: car
    Failed with error: 'there is no package called 'car''
    Error in pkgcheck(c("buildmer", "car")) :
     Please install the following missing package: car
    Calls: perm.glmer -> perm.lmer -> pkgcheck
    Execution halted
Flavor: r-devel-windows-x86_64-gcc10-UCRT