CRAN Package Check Results for Package pense

Last updated on 2021-04-15 09:50:09 CEST.

Flavor Version Tinstall Tcheck Ttotal Status Flags
r-devel-linux-x86_64-debian-clang 2.0.2 465.79 142.98 608.77 OK
r-devel-linux-x86_64-debian-gcc 2.0.2 360.67 102.56 463.23 OK
r-devel-linux-x86_64-fedora-clang 2.0.3 869.17 NOTE
r-devel-linux-x86_64-fedora-gcc 2.0.3 880.16 OK
r-devel-windows-ix86+x86_64 2.0.2 915.00 295.00 1210.00 NOTE
r-devel-windows-x86_64-gcc10-UCRT 2.0.2 OK
r-patched-linux-x86_64 2.0.2 404.46 135.54 540.00 OK
r-patched-solaris-x86 2.0.3 725.40 OK
r-release-linux-x86_64 2.0.2 404.48 135.27 539.75 OK
r-release-macos-x86_64 2.0.2 NOTE
r-release-windows-ix86+x86_64 2.0.2 752.00 330.00 1082.00 NOTE
r-oldrel-macos-x86_64 2.0.2 NOTE
r-oldrel-windows-ix86+x86_64 2.0.2 864.00 272.00 1136.00 NOTE

Check Details

Version: 2.0.3
Check: installed package size
Result: NOTE
     installed size is 55.5Mb
     sub-directories of 1Mb or more:
     libs 54.6Mb
Flavor: r-devel-linux-x86_64-fedora-clang

Version: 2.0.2
Check: installed package size
Result: NOTE
     installed size is 6.6Mb
     sub-directories of 1Mb or more:
     libs 5.7Mb
Flavors: r-devel-windows-ix86+x86_64, r-release-macos-x86_64, r-release-windows-ix86+x86_64, r-oldrel-macos-x86_64, r-oldrel-windows-ix86+x86_64