CRAN Package Check Results for Package penPHcure

Last updated on 2021-04-15 09:50:09 CEST.

Flavor Version Tinstall Tcheck Ttotal Status Flags
r-devel-linux-x86_64-debian-clang 1.0.2 178.39 86.16 264.55 OK
r-devel-linux-x86_64-debian-gcc 1.0.2 117.84 88.57 206.41 OK
r-devel-linux-x86_64-fedora-clang 1.0.2 368.54 NOTE
r-devel-linux-x86_64-fedora-gcc 1.0.2 350.50 OK
r-devel-windows-ix86+x86_64 1.0.2 413.00 119.00 532.00 OK
r-devel-windows-x86_64-gcc10-UCRT 1.0.2 OK
r-patched-linux-x86_64 1.0.2 140.37 83.29 223.66 OK
r-patched-solaris-x86 1.0.2 300.80 OK
r-release-linux-x86_64 1.0.2 145.74 83.58 229.32 OK
r-release-macos-x86_64 1.0.2 NOTE
r-release-windows-ix86+x86_64 1.0.2 342.00 143.00 485.00 OK
r-oldrel-macos-x86_64 1.0.2 NOTE
r-oldrel-windows-ix86+x86_64 1.0.2 359.00 106.00 465.00 OK

Check Details

Version: 1.0.2
Check: installed package size
Result: NOTE
     installed size is 7.5Mb
     sub-directories of 1Mb or more:
     libs 7.2Mb
Flavors: r-devel-linux-x86_64-fedora-clang, r-release-macos-x86_64, r-oldrel-macos-x86_64