CRAN Package Check Results for Package pccc

Last updated on 2021-06-16 09:53:31 CEST.

Flavor Version Tinstall Tcheck Ttotal Status Flags
r-devel-linux-x86_64-debian-clang 1.0.5 58.37 65.32 123.69 OK
r-devel-linux-x86_64-debian-gcc 1.0.5 35.74 49.69 85.43 OK
r-devel-linux-x86_64-fedora-clang 1.0.5 162.12 OK
r-devel-linux-x86_64-fedora-gcc 1.0.5 142.49 OK
r-devel-windows-x86_64 1.0.5 57.00 97.00 154.00 OK
r-devel-windows-x86_64-gcc10-UCRT 1.0.5 OK
r-patched-linux-x86_64 1.0.5 41.74 60.86 102.60 OK
r-patched-solaris-x86 1.0.5 167.90 OK
r-release-linux-x86_64 1.0.5 44.05 61.70 105.75 OK
r-release-macos-arm64 1.0.5 NOTE
r-release-macos-x86_64 1.0.5 NOTE
r-release-windows-ix86+x86_64 1.0.5 89.00 120.00 209.00 OK
r-oldrel-macos-x86_64 1.0.5 NOTE
r-oldrel-windows-ix86+x86_64 1.0.5 99.00 121.00 220.00 OK

Check Details

Version: 1.0.5
Check: installed package size
Result: NOTE
     installed size is 6.4Mb
     sub-directories of 1Mb or more:
     libs 4.6Mb
Flavors: r-release-macos-arm64, r-release-macos-x86_64, r-oldrel-macos-x86_64