CRAN Package Check Results for Package pcaL1

Last updated on 2020-07-06 21:50:33 CEST.

Flavor Version Tinstall Tcheck Ttotal Status Flags
r-devel-linux-x86_64-debian-clang 1.5.4 11.25 26.84 38.09 OK
r-devel-linux-x86_64-debian-gcc 1.5.4 7.00 20.95 27.95 OK
r-devel-linux-x86_64-fedora-clang 1.5.4 56.60 OK
r-devel-linux-x86_64-fedora-gcc 1.5.4 44.01 OK
r-devel-windows-ix86+x86_64 1.5.4 31.00 71.00 102.00 NOTE
r-patched-linux-x86_64 1.5.4 7.49 26.80 34.29 OK
r-patched-solaris-x86 1.5.4 64.00 OK
r-release-linux-x86_64 1.5.4 7.87 26.98 34.85 OK
r-release-osx-x86_64 1.5.4 ERROR
r-release-windows-ix86+x86_64 1.5.4 29.00 73.00 102.00 NOTE
r-oldrel-osx-x86_64 1.5.4 ERROR
r-oldrel-windows-ix86+x86_64 1.5.4 27.00 58.00 85.00 NOTE

Check Details

Version: 1.5.4
Check: installed package size
Result: NOTE
     installed size is 6.8Mb
     sub-directories of 1Mb or more:
     libs 6.7Mb
Flavors: r-devel-windows-ix86+x86_64, r-release-windows-ix86+x86_64, r-oldrel-windows-ix86+x86_64

Version: 1.5.4
Check: whether package can be installed
Result: ERROR
    Installation failed.
Flavors: r-release-osx-x86_64, r-oldrel-osx-x86_64