CRAN Package Check Results for Package pbmcapply

Last updated on 2021-06-24 09:52:39 CEST.

Flavor Version Tinstall Tcheck Ttotal Status Flags
r-devel-linux-x86_64-debian-clang 1.5.0 2.72 22.84 25.56 NOTE
r-devel-linux-x86_64-debian-gcc 1.5.0 2.11 18.32 20.43 NOTE
r-devel-linux-x86_64-fedora-clang 1.5.0 39.83 NOTE
r-devel-linux-x86_64-fedora-gcc 1.5.0 29.94 NOTE
r-devel-windows-x86_64 1.5.0 6.00 38.00 44.00 NOTE
r-devel-windows-x86_64-gcc10-UCRT 1.5.0 NOTE
r-patched-linux-x86_64 1.5.0 2.86 22.29 25.15 NOTE
r-patched-solaris-x86 1.5.0 48.80 NOTE
r-release-linux-x86_64 1.5.0 2.61 22.27 24.88 NOTE
r-release-macos-arm64 1.5.0 NOTE
r-release-macos-x86_64 1.5.0 NOTE
r-release-windows-ix86+x86_64 1.5.0 7.00 42.00 49.00 NOTE
r-oldrel-macos-x86_64 1.5.0 OK
r-oldrel-windows-ix86+x86_64 1.5.0 7.00 41.00 48.00 OK

Check Details

Version: 1.5.0
Check: LazyData
Result: NOTE
     'LazyData' is specified without a 'data' directory
Flavors: r-devel-linux-x86_64-debian-clang, r-devel-linux-x86_64-debian-gcc, r-devel-linux-x86_64-fedora-clang, r-devel-linux-x86_64-fedora-gcc, r-devel-windows-x86_64, r-devel-windows-x86_64-gcc10-UCRT, r-patched-linux-x86_64, r-patched-solaris-x86, r-release-linux-x86_64, r-release-macos-arm64, r-release-macos-x86_64, r-release-windows-ix86+x86_64