CRAN Package Check Results for Package pbkrtest

Last updated on 2021-04-15 09:50:09 CEST.

Flavor Version Tinstall Tcheck Ttotal Status Flags
r-devel-linux-x86_64-debian-clang 0.5.1 11.75 183.83 195.58 OK
r-devel-linux-x86_64-debian-gcc 0.5.1 10.45 138.34 148.79 OK
r-devel-linux-x86_64-fedora-clang 0.5.1 237.04 NOTE
r-devel-linux-x86_64-fedora-gcc 0.5.1 244.05 NOTE
r-devel-windows-ix86+x86_64 0.5.1 29.00 174.00 203.00 OK
r-devel-windows-x86_64-gcc10-UCRT 0.5.1 NOTE
r-patched-linux-x86_64 0.5.1 11.44 173.00 184.44 OK
r-patched-solaris-x86 0.5.1 312.10 NOTE
r-release-linux-x86_64 0.5.1 11.50 175.84 187.34 OK
r-release-macos-x86_64 0.5.1 NOTE
r-release-windows-ix86+x86_64 0.5.1 5.00 8.00 13.00 ERROR
r-oldrel-macos-x86_64 0.5.1 NOTE
r-oldrel-windows-ix86+x86_64 0.5.1 4.00 6.00 10.00 ERROR

Check Details

Version: 0.5.1
Check: dependencies in R code
Result: NOTE
    Namespace in Imports field not imported from: ‘knitr’
     All declared Imports should be used.
Flavors: r-devel-linux-x86_64-fedora-clang, r-devel-linux-x86_64-fedora-gcc, r-devel-windows-x86_64-gcc10-UCRT, r-patched-solaris-x86, r-release-macos-x86_64, r-oldrel-macos-x86_64

Version: 0.5.1
Check: whether package can be installed
Result: ERROR
    Installation failed.
Flavors: r-release-windows-ix86+x86_64, r-oldrel-windows-ix86+x86_64