CRAN Package Check Results for Package patternize

Last updated on 2020-07-06 21:50:33 CEST.

Flavor Version Tinstall Tcheck Ttotal Status Flags
r-devel-linux-x86_64-debian-clang 0.0.2 21.48 183.09 204.57 OK
r-devel-linux-x86_64-debian-gcc 0.0.2 21.27 139.70 160.97 OK
r-devel-linux-x86_64-fedora-clang 0.0.2 256.62 OK
r-devel-linux-x86_64-fedora-gcc 0.0.2 244.45 OK
r-devel-windows-ix86+x86_64 0.0.2 64.00 177.00 241.00 OK
r-patched-linux-x86_64 0.0.2 22.33 178.53 200.86 OK
r-patched-solaris-x86 0.0.2 376.10 OK
r-release-linux-x86_64 0.0.2 21.93 179.86 201.79 OK
r-release-osx-x86_64 0.0.2 OK
r-release-windows-ix86+x86_64 0.0.2 42.00 184.00 226.00 OK
r-oldrel-osx-x86_64 0.0.2 WARN
r-oldrel-windows-ix86+x86_64 0.0.2 58.00 240.00 298.00 OK

Check Details

Version: 0.0.2
Check: whether package can be installed
Result: WARN
    Found the following significant warnings:
     Warning: 'rgl_init' failed, running with rgl.useNULL = TRUE
Flavor: r-oldrel-osx-x86_64