CRAN Package Check Results for Package passt

Last updated on 2021-04-15 09:50:09 CEST.

Flavor Version Tinstall Tcheck Ttotal Status Flags
r-devel-linux-x86_64-debian-clang 0.1.1 4.38 56.93 61.31 NOTE
r-devel-linux-x86_64-debian-gcc 0.1.1 3.28 41.63 44.91 NOTE
r-devel-linux-x86_64-fedora-clang 0.1.1 82.32 NOTE
r-devel-linux-x86_64-fedora-gcc 0.1.1 76.14 NOTE
r-devel-windows-ix86+x86_64 0.1.1 10.00 61.00 71.00 NOTE
r-devel-windows-x86_64-gcc10-UCRT 0.1.1 NOTE
r-patched-linux-x86_64 0.1.1 3.83 53.70 57.53 OK
r-patched-solaris-x86 0.1.1 104.70 OK
r-release-linux-x86_64 0.1.1 3.70 53.67 57.37 OK
r-release-macos-x86_64 0.1.1 OK
r-release-windows-ix86+x86_64 0.1.1 11.00 78.00 89.00 OK
r-oldrel-macos-x86_64 0.1.1 OK
r-oldrel-windows-ix86+x86_64 0.1.1 6.00 50.00 56.00 OK

Check Details

Version: 0.1.1
Check: LazyData
Result: NOTE
     'LazyData' is specified without a 'data' directory
Flavors: r-devel-linux-x86_64-debian-clang, r-devel-linux-x86_64-debian-gcc, r-devel-linux-x86_64-fedora-clang, r-devel-linux-x86_64-fedora-gcc, r-devel-windows-ix86+x86_64, r-devel-windows-x86_64-gcc10-UCRT