CRAN Package Check Results for Package parlitools

Last updated on 2020-05-28 03:48:35 CEST.

Flavor Version Tinstall Tcheck Ttotal Status Flags
r-devel-linux-x86_64-debian-clang 0.4.1 8.62 74.54 83.16 OK
r-devel-linux-x86_64-debian-gcc 0.4.1 6.99 57.24 64.23 OK
r-devel-linux-x86_64-fedora-clang 0.4.1 99.22 NOTE
r-devel-linux-x86_64-fedora-gcc 0.4.1 98.78 NOTE
r-devel-windows-ix86+x86_64 0.4.1 26.00 81.00 107.00 OK
r-patched-linux-x86_64 0.4.1 8.06 72.50 80.56 OK
r-patched-solaris-x86 0.4.1 136.10 NOTE --no-vignettes
r-release-linux-x86_64 0.4.1 8.06 74.67 82.73 OK
r-release-osx-x86_64 0.4.1 NOTE
r-release-windows-ix86+x86_64 0.4.1 34.00 121.00 155.00 OK
r-oldrel-osx-x86_64 0.4.1 NOTE
r-oldrel-windows-ix86+x86_64 0.4.1 16.00 88.00 104.00 OK

Check Details

Version: 0.4.1
Check: data for non-ASCII characters
Result: NOTE
     Note: found 16 marked UTF-8 strings
Flavors: r-devel-linux-x86_64-fedora-clang, r-devel-linux-x86_64-fedora-gcc, r-release-osx-x86_64, r-oldrel-osx-x86_64

Version: 0.4.1
Flags: --no-vignettes
Check: data for non-ASCII characters
Result: NOTE
     Note: found 16 marked UTF-8 strings
Flavor: r-patched-solaris-x86