CRAN Package Check Results for Package parcats

Last updated on 2020-02-27 17:51:03 CET.

Flavor Version Tinstall Tcheck Ttotal Status Flags
r-devel-linux-x86_64-debian-clang 0.0.1 14.41 136.65 151.06 OK
r-devel-linux-x86_64-debian-gcc 0.0.1 12.19 102.15 114.34 OK
r-devel-linux-x86_64-fedora-clang 0.0.1 175.34 NOTE
r-devel-linux-x86_64-fedora-gcc 0.0.1 169.76 NOTE
r-devel-windows-ix86+x86_64 0.0.1 39.00 133.00 172.00 OK
r-devel-windows-ix86+x86_64-gcc8 0.0.1 40.00 127.00 167.00 OK
r-patched-linux-x86_64 0.0.1 12.10 118.80 130.90 OK
r-patched-solaris-x86 0.0.1 229.20 NOTE
r-release-linux-x86_64 0.0.1 12.03 120.00 132.03 OK
r-release-windows-ix86+x86_64 0.0.1 28.00 125.00 153.00 OK
r-release-osx-x86_64 0.0.1 NOTE
r-oldrel-windows-ix86+x86_64 0.0.1 20.00 121.00 141.00 OK
r-oldrel-osx-x86_64 0.0.1 NOTE

Check Details

Version: 0.0.1
Check: dependencies in R code
Result: NOTE
    Namespaces in Imports field not imported from:
     ‘magrittr’ ‘tibble’
     All declared Imports should be used.
Flavors: r-devel-linux-x86_64-fedora-clang, r-devel-linux-x86_64-fedora-gcc, r-patched-solaris-x86, r-release-osx-x86_64, r-oldrel-osx-x86_64