CRAN Package Check Results for Package paletteer

Last updated on 2020-03-30 20:48:35 CEST.

Flavor Version Tinstall Tcheck Ttotal Status Flags
r-devel-linux-x86_64-debian-clang 1.1.0 6.09 57.62 63.71 OK
r-devel-linux-x86_64-debian-gcc 1.1.0 5.25 42.98 48.23 OK
r-devel-linux-x86_64-fedora-clang 1.1.0 71.62 NOTE
r-devel-linux-x86_64-fedora-gcc 1.1.0 70.06 NOTE
r-devel-windows-ix86+x86_64 1.1.0 16.00 82.00 98.00 OK
r-devel-windows-ix86+x86_64-gcc8 1.1.0 14.00 70.00 84.00 OK
r-patched-linux-x86_64 1.1.0 6.43 54.33 60.76 OK
r-patched-solaris-x86 1.1.0 111.40 NOTE
r-release-linux-x86_64 1.1.0 5.56 50.13 55.69 OK
r-release-windows-ix86+x86_64 1.1.0 19.00 138.00 157.00 OK
r-release-osx-x86_64 1.1.0 NOTE
r-oldrel-windows-ix86+x86_64 1.1.0 16.00 146.00 162.00 ERROR
r-oldrel-osx-x86_64 1.1.0 ERROR

Check Details

Version: 1.1.0
Check: data for non-ASCII characters
Result: NOTE
     Note: found 17 marked UTF-8 strings
Flavors: r-devel-linux-x86_64-fedora-clang, r-devel-linux-x86_64-fedora-gcc, r-patched-solaris-x86, r-release-osx-x86_64

Version: 1.1.0
Check: dependencies in R code
Result: NOTE
    Missing or unexported object: 'grDevices::hcl.colors'
Flavor: r-oldrel-windows-ix86+x86_64

Version: 1.1.0
Check: tests
Result: ERROR
     Running 'testthat.R' [50s]
    Running the tests in 'tests/testthat.R' failed.
    Complete output:
     > library(testthat)
     > library(paletteer)
     >
     > test_check("paletteer")
     -- 1. Error: colors show up correctly (@test-vdiffr_palette_check.R#91) -------
     'hcl.colors' is not an exported object from 'namespace:grDevices'
     Backtrace:
     1. vdiffr::expect_doppelganger(package, plot_in_one(package))
     2. vdiffr:::writer(fig, testcase, title)
     4. vdiffr:::print_plot.function(plot, title)
     5. paletteer:::p()
     6. paletteer:::all_names(name)
     7. base::lapply(paste0(package, "::", names_c), paletteer_c, n = 256)
     8. paletteer:::FUN(X[[i]], ...)
     9. paletteer:::gen_fun(name = palette[2], n = n)
     10. paletteer:::pal_gen(n = n)
     11. grDevices::hcl.colors
     12. base::getExportedValue(pkg, name)
    
     == testthat results ===========================================================
     [ OK: 83 | SKIPPED: 2 | WARNINGS: 0 | FAILED: 1 ]
     1. Error: colors show up correctly (@test-vdiffr_palette_check.R#91)
    
     Error: testthat unit tests failed
     Execution halted
Flavor: r-oldrel-windows-ix86+x86_64

Version: 1.1.0
Check: package dependencies
Result: ERROR
    Package required but not available: ‘prismatic’
    
    See section ‘The DESCRIPTION file’ in the ‘Writing R Extensions’
    manual.
Flavor: r-oldrel-osx-x86_64