CRAN Package Check Results for Package paleoTS

Last updated on 2020-03-30 20:48:35 CEST.

Flavor Version Tinstall Tcheck Ttotal Status Flags
r-devel-linux-x86_64-debian-clang 0.5.2 5.57 53.35 58.92 OK
r-devel-linux-x86_64-debian-gcc 0.5.2 5.07 40.39 45.46 OK
r-devel-linux-x86_64-fedora-clang 0.5.2 69.56 NOTE
r-devel-linux-x86_64-fedora-gcc 0.5.2 68.76 NOTE
r-devel-windows-ix86+x86_64 0.5.2 11.00 60.00 71.00 OK
r-devel-windows-ix86+x86_64-gcc8 0.5.2 10.00 63.00 73.00 OK
r-patched-linux-x86_64 0.5.2 5.68 51.80 57.48 OK
r-patched-solaris-x86 0.5.2 92.80 NOTE
r-release-linux-x86_64 0.5.2 4.73 47.90 52.63 OK
r-release-windows-ix86+x86_64 0.5.2 13.00 89.00 102.00 OK
r-release-osx-x86_64 0.5.2 NOTE
r-oldrel-windows-ix86+x86_64 0.5.2 10.00 95.00 105.00 OK
r-oldrel-osx-x86_64 0.5.2 NOTE

Check Details

Version: 0.5.2
Check: dependencies in R code
Result: NOTE
    Namespace in Imports field not imported from: ‘iterators’
     All declared Imports should be used.
Flavors: r-devel-linux-x86_64-fedora-clang, r-devel-linux-x86_64-fedora-gcc, r-patched-solaris-x86, r-release-osx-x86_64, r-oldrel-osx-x86_64