CRAN Package Check Results for Package paleoTS

Last updated on 2021-06-16 09:53:31 CEST.

Flavor Version Tinstall Tcheck Ttotal Status Flags
r-devel-linux-x86_64-debian-clang 0.5.2 6.00 58.44 64.44 OK
r-devel-linux-x86_64-debian-gcc 0.5.2 4.71 42.71 47.42 OK
r-devel-linux-x86_64-fedora-clang 0.5.2 83.82 NOTE
r-devel-linux-x86_64-fedora-gcc 0.5.2 73.19 NOTE
r-devel-windows-x86_64 0.5.2 9.00 77.00 86.00 OK
r-devel-windows-x86_64-gcc10-UCRT 0.5.2 NOTE
r-patched-linux-x86_64 0.5.2 8.89 55.63 64.52 OK
r-patched-solaris-x86 0.5.2 99.60 NOTE
r-release-linux-x86_64 0.5.2 5.90 55.44 61.34 OK
r-release-macos-arm64 0.5.2 NOTE
r-release-macos-x86_64 0.5.2 NOTE
r-release-windows-ix86+x86_64 0.5.2 11.00 72.00 83.00 OK
r-oldrel-macos-x86_64 0.5.2 NOTE
r-oldrel-windows-ix86+x86_64 0.5.2 8.00 70.00 78.00 OK

Check Details

Version: 0.5.2
Check: dependencies in R code
Result: NOTE
    Namespace in Imports field not imported from: ‘iterators’
     All declared Imports should be used.
Flavors: r-devel-linux-x86_64-fedora-clang, r-devel-linux-x86_64-fedora-gcc, r-devel-windows-x86_64-gcc10-UCRT, r-patched-solaris-x86, r-release-macos-arm64, r-release-macos-x86_64, r-oldrel-macos-x86_64