CRAN Package Check Results for Package pacman

Last updated on 2021-04-15 09:50:09 CEST.

Flavor Version Tinstall Tcheck Ttotal Status Flags
r-devel-linux-x86_64-debian-clang 0.5.1 4.40 36.32 40.72 OK
r-devel-linux-x86_64-debian-gcc 0.5.1 3.34 27.46 30.80 OK
r-devel-linux-x86_64-fedora-clang 0.5.1 57.35 NOTE
r-devel-linux-x86_64-fedora-gcc 0.5.1 49.58 OK
r-devel-windows-ix86+x86_64 0.5.1 9.00 41.00 50.00 OK
r-devel-windows-x86_64-gcc10-UCRT 0.5.1 OK
r-patched-linux-x86_64 0.5.1 4.51 37.42 41.93 OK
r-patched-solaris-x86 0.5.1 72.30 OK
r-release-linux-x86_64 0.5.1 4.41 37.86 42.27 OK
r-release-macos-x86_64 0.5.1 OK
r-release-windows-ix86+x86_64 0.5.1 7.00 58.00 65.00 OK
r-oldrel-macos-x86_64 0.5.1 OK
r-oldrel-windows-ix86+x86_64 0.5.1 7.00 44.00 51.00 OK

Check Details

Version: 0.5.1
Check: Rd cross-references
Result: NOTE
    Undeclared package ‘devtools’ in Rd xrefs
Flavor: r-devel-linux-x86_64-fedora-clang