CRAN Package Check Results for Package pCODE

Last updated on 2021-04-15 09:50:09 CEST.

Flavor Version Tinstall Tcheck Ttotal Status Flags
r-devel-linux-x86_64-debian-clang 0.9.3 8.61 184.82 193.43 OK
r-devel-linux-x86_64-debian-gcc 0.9.3 8.82 124.61 133.43 OK
r-devel-linux-x86_64-fedora-clang 0.9.3 218.92 NOTE
r-devel-linux-x86_64-fedora-gcc 0.9.3 223.10 NOTE
r-devel-windows-ix86+x86_64 0.9.3 22.00 162.00 184.00 OK
r-devel-windows-x86_64-gcc10-UCRT 0.9.3 NOTE
r-patched-linux-x86_64 0.9.3 9.13 164.16 173.29 OK
r-patched-solaris-x86 0.9.3 307.60 NOTE
r-release-linux-x86_64 0.9.3 9.45 163.84 173.29 OK
r-release-macos-x86_64 0.9.3 NOTE
r-release-windows-ix86+x86_64 0.9.3 23.00 207.00 230.00 OK
r-oldrel-macos-x86_64 0.9.3 NOTE
r-oldrel-windows-ix86+x86_64 0.9.3 13.00 159.00 172.00 OK

Check Details

Version: 0.9.3
Check: dependencies in R code
Result: NOTE
    Namespace in Imports field not imported from: ‘base’
     All declared Imports should be used.
Flavors: r-devel-linux-x86_64-fedora-clang, r-devel-linux-x86_64-fedora-gcc, r-devel-windows-x86_64-gcc10-UCRT, r-patched-solaris-x86, r-release-macos-x86_64, r-oldrel-macos-x86_64