CRAN Package Check Results for Package otpr

Last updated on 2021-04-15 09:50:09 CEST.

Flavor Version Tinstall Tcheck Ttotal Status Flags
r-devel-linux-x86_64-debian-clang 0.5.0 4.30 45.95 50.25 NOTE
r-devel-linux-x86_64-debian-gcc 0.5.0 3.71 34.70 38.41 NOTE
r-devel-linux-x86_64-fedora-clang 0.5.0 70.54 NOTE
r-devel-linux-x86_64-fedora-gcc 0.5.0 60.28 NOTE
r-devel-windows-ix86+x86_64 0.5.0 12.00 53.00 65.00 NOTE
r-devel-windows-x86_64-gcc10-UCRT 0.5.0 NOTE
r-patched-linux-x86_64 0.5.0 3.96 42.85 46.81 OK
r-patched-solaris-x86 0.5.0 88.10 OK
r-release-linux-x86_64 0.5.0 4.55 42.48 47.03 OK
r-release-macos-x86_64 0.5.0 OK
r-release-windows-ix86+x86_64 0.5.0 13.00 63.00 76.00 OK
r-oldrel-macos-x86_64 0.5.0 OK
r-oldrel-windows-ix86+x86_64 0.5.0 6.00 47.00 53.00 OK

Check Details

Version: 0.5.0
Check: LazyData
Result: NOTE
     'LazyData' is specified without a 'data' directory
Flavors: r-devel-linux-x86_64-debian-clang, r-devel-linux-x86_64-debian-gcc, r-devel-linux-x86_64-fedora-clang, r-devel-linux-x86_64-fedora-gcc, r-devel-windows-ix86+x86_64, r-devel-windows-x86_64-gcc10-UCRT