CRAN Package Check Results for Package otinference

Last updated on 2021-04-15 09:50:09 CEST.

Flavor Version Tinstall Tcheck Ttotal Status Flags
r-devel-linux-x86_64-debian-clang 0.1.0 2.06 21.03 23.09 OK
r-devel-linux-x86_64-debian-gcc 0.1.0 1.55 16.72 18.27 OK
r-devel-linux-x86_64-fedora-clang 0.1.0 38.68 NOTE
r-devel-linux-x86_64-fedora-gcc 0.1.0 28.24 NOTE
r-devel-windows-ix86+x86_64 0.1.0 4.00 29.00 33.00 NOTE
r-devel-windows-x86_64-gcc10-UCRT 0.1.0 NOTE
r-patched-linux-x86_64 0.1.0 2.01 20.57 22.58 OK
r-patched-solaris-x86 0.1.0 43.50 NOTE
r-release-linux-x86_64 0.1.0 1.96 20.34 22.30 OK
r-release-macos-x86_64 0.1.0 NOTE
r-release-windows-ix86+x86_64 0.1.0 5.00 35.00 40.00 NOTE
r-oldrel-macos-x86_64 0.1.0 NOTE
r-oldrel-windows-ix86+x86_64 0.1.0 4.00 26.00 30.00 NOTE

Check Details

Version: 0.1.0
Check: package dependencies
Result: NOTE
    Package suggested but not available for checking: ‘Rcplex’
Flavors: r-devel-linux-x86_64-fedora-clang, r-devel-linux-x86_64-fedora-gcc, r-devel-windows-ix86+x86_64, r-devel-windows-x86_64-gcc10-UCRT, r-patched-solaris-x86, r-release-macos-x86_64, r-release-windows-ix86+x86_64, r-oldrel-macos-x86_64, r-oldrel-windows-ix86+x86_64