CRAN Package Check Results for Package oro.nifti

Last updated on 2020-03-30 20:48:35 CEST.

Flavor Version Tinstall Tcheck Ttotal Status Flags
r-devel-linux-x86_64-debian-clang 0.10.1 20.05 95.35 115.40 NOTE
r-devel-linux-x86_64-debian-gcc 0.10.1 15.32 72.65 87.97 NOTE
r-devel-linux-x86_64-fedora-clang 0.10.1 138.07 NOTE
r-devel-linux-x86_64-fedora-gcc 0.10.1 135.85 NOTE
r-devel-windows-ix86+x86_64 0.10.1 31.00 103.00 134.00 NOTE
r-devel-windows-ix86+x86_64-gcc8 0.10.1 43.00 112.00 155.00 NOTE
r-patched-linux-x86_64 0.10.1 17.86 93.61 111.47 NOTE
r-patched-solaris-x86 0.10.1 183.20 NOTE
r-release-linux-x86_64 0.10.1 15.23 86.91 102.14 NOTE
r-release-windows-ix86+x86_64 0.10.1 44.00 147.00 191.00 NOTE
r-release-osx-x86_64 0.10.1 NOTE
r-oldrel-windows-ix86+x86_64 0.10.1 32.00 149.00 181.00 NOTE
r-oldrel-osx-x86_64 0.10.1 NOTE

Check Details

Version: 0.10.1
Check: package dependencies
Result: NOTE
    Package which this enhances but not available for checking: 'dcemriS4'
Flavors: r-devel-linux-x86_64-debian-clang, r-devel-linux-x86_64-debian-gcc, r-devel-linux-x86_64-fedora-clang, r-devel-linux-x86_64-fedora-gcc, r-patched-linux-x86_64, r-release-linux-x86_64

Version: 0.10.1
Check: installed package size
Result: NOTE
     installed size is 6.6Mb
     sub-directories of 1Mb or more:
     R 1.0Mb
     nifti 3.8Mb
Flavors: r-devel-linux-x86_64-fedora-clang, r-devel-windows-ix86+x86_64, r-devel-windows-ix86+x86_64-gcc8, r-patched-solaris-x86, r-release-windows-ix86+x86_64, r-release-osx-x86_64, r-oldrel-windows-ix86+x86_64, r-oldrel-osx-x86_64