CRAN Package Check Results for Package ormPlot

Last updated on 2021-06-14 08:49:45 CEST.

Flavor Version Tinstall Tcheck Ttotal Status Flags
r-devel-linux-x86_64-debian-clang 0.3.4 2.87 67.92 70.79 OK
r-devel-linux-x86_64-debian-gcc 0.3.4 2.28 50.28 52.56 OK
r-devel-linux-x86_64-fedora-clang 0.3.4 95.77 OK
r-devel-linux-x86_64-fedora-gcc 0.3.4 81.76 OK
r-devel-windows-x86_64 0.3.4 7.00 95.00 102.00 OK
r-devel-windows-x86_64-gcc10-UCRT 0.3.4 NOTE
r-patched-linux-x86_64 0.3.4 3.12 63.04 66.16 OK
r-patched-solaris-x86 0.3.4 117.80 OK
r-release-linux-x86_64 0.3.4 2.93 63.91 66.84 OK
r-release-macos-arm64 0.3.4 OK
r-release-macos-x86_64 0.3.4 OK
r-release-windows-ix86+x86_64 0.3.4 8.00 93.00 101.00 OK
r-oldrel-macos-x86_64 0.3.4 OK
r-oldrel-windows-ix86+x86_64 0.3.4 8.00 94.00 102.00 OK

Check Details

Version: 0.3.4
Check: package dependencies
Result: NOTE
    Package suggested but not available for checking: 'vdiffr'
Flavor: r-devel-windows-x86_64-gcc10-UCRT