CRAN Package Check Results for Package origami

Last updated on 2020-07-06 21:50:33 CEST.

Flavor Version Tinstall Tcheck Ttotal Status Flags
r-devel-linux-x86_64-debian-clang 1.0.3 3.31 79.57 82.88 OK
r-devel-linux-x86_64-debian-gcc 1.0.3 2.43 56.80 59.23 OK
r-devel-linux-x86_64-fedora-clang 1.0.3 101.81 NOTE
r-devel-linux-x86_64-fedora-gcc 1.0.3 97.88 OK
r-devel-windows-ix86+x86_64 1.0.3 11.00 92.00 103.00 OK
r-patched-linux-x86_64 1.0.3 2.92 78.59 81.51 OK
r-patched-solaris-x86 1.0.3 135.40 OK
r-release-linux-x86_64 1.0.3 3.19 78.29 81.48 OK
r-release-osx-x86_64 1.0.3 OK
r-release-windows-ix86+x86_64 1.0.3 8.00 87.00 95.00 OK
r-oldrel-osx-x86_64 1.0.3 OK
r-oldrel-windows-ix86+x86_64 1.0.3 7.00 118.00 125.00 OK

Check Details

Version: 1.0.3
Check: Rd cross-references
Result: NOTE
    Undeclared package ‘glmnet’ in Rd xrefs
Flavor: r-devel-linux-x86_64-fedora-clang