CRAN Package Check Results for Package ordinalLBM

Last updated on 2020-02-21 17:47:53 CET.

Flavor Version Tinstall Tcheck Ttotal Status Flags
r-devel-linux-x86_64-debian-clang 1.0 2.31 24.30 26.61 OK
r-devel-linux-x86_64-debian-gcc 1.0 2.17 18.29 20.46 OK
r-devel-linux-x86_64-fedora-clang 1.0 32.50 NOTE
r-devel-linux-x86_64-fedora-gcc 1.0 31.11 NOTE
r-devel-windows-ix86+x86_64 1.0 5.00 33.00 38.00 OK
r-devel-windows-ix86+x86_64-gcc8 1.0 8.00 47.00 55.00 OK
r-patched-linux-x86_64 1.0 2.05 21.87 23.92 OK
r-patched-solaris-x86 1.0 44.10 NOTE
r-release-linux-x86_64 1.0 2.19 21.92 24.11 OK
r-release-windows-ix86+x86_64 1.0 4.00 36.00 40.00 OK
r-release-osx-x86_64 1.0 NOTE
r-oldrel-windows-ix86+x86_64 1.0 3.00 32.00 35.00 OK
r-oldrel-osx-x86_64 1.0 NOTE

Check Details

Version: 1.0
Check: dependencies in R code
Result: NOTE
    Namespace in Imports field not imported from: ‘reshape2’
     All declared Imports should be used.
Flavors: r-devel-linux-x86_64-fedora-clang, r-devel-linux-x86_64-fedora-gcc, r-patched-solaris-x86, r-release-osx-x86_64, r-oldrel-osx-x86_64