CRAN Package Check Results for Package ordinalClust

Last updated on 2021-04-15 09:50:09 CEST.

Flavor Version Tinstall Tcheck Ttotal Status Flags
r-devel-linux-x86_64-debian-clang 1.3.5 204.59 60.17 264.76 OK
r-devel-linux-x86_64-debian-gcc 1.3.5 131.44 49.51 180.95 OK
r-devel-linux-x86_64-fedora-clang 1.3.5 378.92 NOTE
r-devel-linux-x86_64-fedora-gcc 1.3.5 350.58 OK
r-devel-windows-ix86+x86_64 1.3.5 439.00 105.00 544.00 OK
r-devel-windows-x86_64-gcc10-UCRT 1.3.5 OK
r-patched-linux-x86_64 1.3.5 150.23 60.11 210.34 OK
r-patched-solaris-x86 1.3.5 330.80 OK
r-release-linux-x86_64 1.3.5 151.81 60.34 212.15 OK
r-release-macos-x86_64 1.3.5 NOTE
r-release-windows-ix86+x86_64 1.3.5 371.00 117.00 488.00 OK
r-oldrel-macos-x86_64 1.3.5 NOTE
r-oldrel-windows-ix86+x86_64 1.3.5 394.00 85.00 479.00 OK

Check Details

Version: 1.3.5
Check: installed package size
Result: NOTE
     installed size is 10.9Mb
     sub-directories of 1Mb or more:
     libs 10.6Mb
Flavors: r-devel-linux-x86_64-fedora-clang, r-release-macos-x86_64, r-oldrel-macos-x86_64