CRAN Package Check Results for Package optparse

Last updated on 2020-02-21 17:47:53 CET.

Flavor Version Tinstall Tcheck Ttotal Status Flags
r-devel-linux-x86_64-debian-clang 1.6.4 2.18 30.78 32.96 OK
r-devel-linux-x86_64-debian-gcc 1.6.4 2.00 24.61 26.61 OK
r-devel-linux-x86_64-fedora-clang 1.6.4 41.58 OK
r-devel-linux-x86_64-fedora-gcc 1.6.4 40.49 OK
r-devel-windows-ix86+x86_64 1.6.4 7.00 55.00 62.00 OK --no-vignettes
r-devel-windows-ix86+x86_64-gcc8 1.6.4 17.00 38.00 55.00 OK --no-vignettes
r-patched-linux-x86_64 1.6.4 1.92 28.00 29.92 OK
r-patched-solaris-x86 1.6.4 50.90 OK --no-vignettes
r-release-linux-x86_64 1.6.4 1.70 28.04 29.74 OK
r-release-windows-ix86+x86_64 1.6.4 4.00 37.00 41.00 OK --no-vignettes
r-release-osx-x86_64 1.6.4 WARN
r-oldrel-windows-ix86+x86_64 1.6.4 3.00 32.00 35.00 OK --no-vignettes
r-oldrel-osx-x86_64 1.6.4 WARN

Check Details

Version: 1.6.4
Check: re-building of vignette outputs
Result: WARN
    Error(s) in re-building vignettes:
     ...
    --- re-building ‘optparse.Rrst’ using knitr
    sh: +RTS: command not found
    Warning in system(command) : error in running command
    Error: processing vignette 'optparse.Rrst' failed with diagnostics:
    pandoc document conversion failed with error 127
    --- failed re-building ‘optparse.Rrst’
    
    SUMMARY: processing the following file failed:
     ‘optparse.Rrst’
    
    Error: Vignette re-building failed.
    Execution halted
Flavor: r-release-osx-x86_64

Version: 1.6.4
Check: re-building of vignette outputs
Result: WARN
    Error in re-building vignettes:
     ...
    sh: +RTS: command not found
    Warning in system(command) : error in running command
    Error: processing vignette 'optparse.Rrst' failed with diagnostics:
    pandoc document conversion failed with error 127
    Execution halted
Flavor: r-oldrel-osx-x86_64