CRAN Package Check Results for Package optiSel

Last updated on 2020-03-30 20:48:35 CEST.

Flavor Version Tinstall Tcheck Ttotal Status Flags
r-devel-linux-x86_64-debian-clang 2.0.3 184.57 272.97 457.54 OK
r-devel-linux-x86_64-debian-gcc 2.0.3 108.33 214.26 322.59 OK
r-devel-linux-x86_64-fedora-clang 2.0.3 566.50 NOTE
r-devel-linux-x86_64-fedora-gcc 2.0.3 529.24 OK
r-devel-windows-ix86+x86_64 2.0.3 266.00 371.00 637.00 OK
r-devel-windows-ix86+x86_64-gcc8 2.0.3 321.00 370.00 691.00 NOTE
r-patched-linux-x86_64 2.0.3 129.36 259.48 388.84 OK
r-patched-solaris-x86 2.0.3 676.70 OK
r-release-linux-x86_64 2.0.3 128.96 244.25 373.21 OK
r-release-windows-ix86+x86_64 2.0.3 401.00 482.00 883.00 OK
r-release-osx-x86_64 2.0.3 WARN
r-oldrel-windows-ix86+x86_64 2.0.3 429.00 477.00 906.00 OK
r-oldrel-osx-x86_64 2.0.3 WARN

Check Details

Version: 2.0.3
Check: installed package size
Result: NOTE
     installed size is 6.7Mb
     sub-directories of 1Mb or more:
     extdata 1.8Mb
     libs 3.9Mb
Flavors: r-devel-linux-x86_64-fedora-clang, r-devel-windows-ix86+x86_64-gcc8, r-release-osx-x86_64, r-oldrel-osx-x86_64

Version: 2.0.3
Check: whether package can be installed
Result: WARN
    Found the following significant warnings:
     Warning: 'rgl.init' failed, running with 'rgl.useNULL = TRUE'.
Flavors: r-release-osx-x86_64, r-oldrel-osx-x86_64