CRAN Package Check Results for Package optBiomarker

Last updated on 2021-04-15 09:50:09 CEST.

Flavor Version Tinstall Tcheck Ttotal Status Flags
r-devel-linux-x86_64-debian-clang 1.0-28 11.61 92.18 103.79 OK
r-devel-linux-x86_64-debian-gcc 1.0-28 8.66 72.77 81.43 OK
r-devel-linux-x86_64-fedora-clang 1.0-28 134.09 OK
r-devel-linux-x86_64-fedora-gcc 1.0-28 131.83 OK
r-devel-windows-ix86+x86_64 1.0-28 25.00 87.00 112.00 OK
r-devel-windows-x86_64-gcc10-UCRT 1.0-28 OK
r-patched-linux-x86_64 1.0-28 11.67 87.76 99.43 OK
r-patched-solaris-x86 1.0-28 213.00 OK
r-release-linux-x86_64 1.0-28 11.24 87.92 99.16 OK
r-release-macos-x86_64 1.0-28 ERROR
r-release-windows-ix86+x86_64 1.0-28 26.00 111.00 137.00 OK
r-oldrel-macos-x86_64 1.0-28 ERROR
r-oldrel-windows-ix86+x86_64 1.0-28 15.00 79.00 94.00 OK

Check Details

Version: 1.0-28
Check: package dependencies
Result: ERROR
    Package required but not available: ‘rpanel’
    
    See section ‘The DESCRIPTION file’ in the ‘Writing R Extensions’
    manual.
Flavors: r-release-macos-x86_64, r-oldrel-macos-x86_64