CRAN Package Check Results for Package openxlsx

Last updated on 2020-02-21 17:47:53 CET.

Flavor Version Tinstall Tcheck Ttotal Status Flags
r-devel-linux-x86_64-debian-clang 4.1.4 125.29 102.44 227.73 OK
r-devel-linux-x86_64-debian-gcc 4.1.4 94.03 78.14 172.17 OK
r-devel-linux-x86_64-fedora-clang 4.1.4 294.46 NOTE
r-devel-linux-x86_64-fedora-gcc 4.1.4 285.25 OK
r-devel-windows-ix86+x86_64 4.1.4 195.00 189.00 384.00 OK
r-devel-windows-ix86+x86_64-gcc8 4.1.4 265.00 258.00 523.00 OK
r-patched-linux-x86_64 4.1.4 98.36 90.36 188.72 OK
r-patched-solaris-x86 4.1.4 299.40 OK
r-release-linux-x86_64 4.1.4 97.01 91.02 188.03 OK
r-release-windows-ix86+x86_64 4.1.4 185.00 203.00 388.00 OK
r-release-osx-x86_64 4.1.4 NOTE
r-oldrel-windows-ix86+x86_64 4.1.4 168.00 176.00 344.00 OK
r-oldrel-osx-x86_64 4.1.4 NOTE

Check Details

Version: 4.1.4
Check: installed package size
Result: NOTE
     installed size is 7.5Mb
     sub-directories of 1Mb or more:
     extdata 1.0Mb
     libs 5.5Mb
Flavors: r-devel-linux-x86_64-fedora-clang, r-release-osx-x86_64, r-oldrel-osx-x86_64