CRAN Package Check Results for Package openssl

Last updated on 2020-03-30 20:48:35 CEST.

Flavor Version Tinstall Tcheck Ttotal Status Flags
r-devel-linux-x86_64-debian-clang 1.4.1 13.06 50.27 63.33 OK
r-devel-linux-x86_64-debian-gcc 1.4.1 7.45 38.39 45.84 OK
r-devel-linux-x86_64-fedora-clang 1.4.1 77.37 NOTE
r-devel-linux-x86_64-fedora-gcc 1.4.1 78.02 NOTE
r-devel-windows-ix86+x86_64 1.4.1 71.00 113.00 184.00 NOTE
r-devel-windows-ix86+x86_64-gcc8 1.4.1 75.00 116.00 191.00 NOTE
r-patched-linux-x86_64 1.4.1 10.69 52.10 62.79 OK
r-patched-solaris-x86 1.4.1 154.50 OK
r-release-linux-x86_64 1.4.1 9.07 50.94 60.01 OK
r-release-windows-ix86+x86_64 1.4.1 133.00 162.00 295.00 NOTE
r-release-osx-x86_64 1.4.1 NOTE
r-oldrel-windows-ix86+x86_64 1.4.1 114.00 157.00 271.00 NOTE
r-oldrel-osx-x86_64 1.4.1 NOTE

Check Details

Version: 1.4.1
Check: top-level files
Result: NOTE
     possible bashism in configure line 34 ($(OS|MACH)TYPE):
     case "$OSTYPE" in "darwin"*)
     possible bashism in configure line 40 (should be '.', not 'source'):
     source autobrew
     possible bashism in configure line 79 ($(OS|MACH)TYPE):
     case "$OSTYPE" in
Flavors: r-devel-linux-x86_64-fedora-clang, r-devel-linux-x86_64-fedora-gcc

Version: 1.4.1
Check: installed package size
Result: NOTE
     installed size is 8.7Mb
     sub-directories of 1Mb or more:
     doc 2.6Mb
     libs 5.6Mb
Flavors: r-devel-windows-ix86+x86_64, r-devel-windows-ix86+x86_64-gcc8, r-release-windows-ix86+x86_64, r-release-osx-x86_64, r-oldrel-windows-ix86+x86_64, r-oldrel-osx-x86_64