CRAN Package Check Results for Package openSTARS

Last updated on 2020-04-09 15:53:53 CEST.

Flavor Version Tinstall Tcheck Ttotal Status Flags
r-devel-linux-x86_64-debian-clang 1.1.0 12.74 112.60 125.34 OK
r-devel-linux-x86_64-debian-gcc 1.1.0 12.27 86.70 98.97 OK
r-devel-linux-x86_64-fedora-clang 1.1.0 161.07 NOTE
r-devel-linux-x86_64-fedora-gcc 1.1.0 157.74 NOTE
r-devel-windows-ix86+x86_64 1.1.0 33.00 215.00 248.00 OK
r-devel-windows-ix86+x86_64-gcc8 1.1.0 32.00 147.00 179.00 OK
r-patched-linux-x86_64 1.1.0 13.73 106.78 120.51 OK
r-patched-osx-x86_64 1.1.0 WARN
r-patched-solaris-x86 1.1.0 241.60 NOTE
r-release-linux-x86_64 1.1.0 12.49 100.07 112.56 OK
r-release-windows-ix86+x86_64 1.1.0 30.00 189.00 219.00 OK
r-release-osx-x86_64 1.1.0 NOTE
r-oldrel-windows-ix86+x86_64 1.1.0 26.00 136.00 162.00 OK
r-oldrel-osx-x86_64 1.1.0 NOTE

Check Details

Version: 1.1.0
Check: dependencies in R code
Result: NOTE
    Namespace in Imports field not imported from: ‘sf’
     All declared Imports should be used.
Flavors: r-devel-linux-x86_64-fedora-clang, r-devel-linux-x86_64-fedora-gcc, r-patched-osx-x86_64, r-patched-solaris-x86, r-release-osx-x86_64, r-oldrel-osx-x86_64

Version: 1.1.0
Check: re-building of vignette outputs
Result: WARN
    Error(s) in re-building vignettes:
     ...
    --- re-building ‘Warnings_and_Errors.Rmd’ using rmarkdown
    dyld: lazy symbol binding failed: Symbol not found: ____chkstk_darwin
     Referenced from: /usr/local/bin/pandoc (which was built for Mac OS X 10.15)
     Expected in: /usr/lib/libSystem.B.dylib
    
    dyld: Symbol not found: ____chkstk_darwin
     Referenced from: /usr/local/bin/pandoc (which was built for Mac OS X 10.15)
     Expected in: /usr/lib/libSystem.B.dylib
    
    Error: processing vignette 'Warnings_and_Errors.Rmd' failed with diagnostics:
    pandoc document conversion failed with error 6
    --- failed re-building ‘Warnings_and_Errors.Rmd’
    
    SUMMARY: processing the following file failed:
     ‘Warnings_and_Errors.Rmd’
    
    Error: Vignette re-building failed.
    Execution halted
Flavor: r-patched-osx-x86_64