CRAN Package Check Results for Package onlinePCA

Last updated on 2021-06-22 09:51:44 CEST.

Flavor Version Tinstall Tcheck Ttotal Status Flags
r-devel-linux-x86_64-debian-clang 1.3.1 51.32 70.53 121.85 OK
r-devel-linux-x86_64-debian-gcc 1.3.1 33.79 54.41 88.20 OK
r-devel-linux-x86_64-fedora-clang 1.3.1 170.62 NOTE
r-devel-linux-x86_64-fedora-gcc 1.3.1 151.81 NOTE
r-devel-windows-x86_64 1.3.1 66.00 73.00 139.00 OK
r-devel-windows-x86_64-gcc10-UCRT 1.3.1 OK
r-patched-linux-x86_64 1.3.1 44.25 67.73 111.98 OK
r-patched-solaris-x86 1.3.1 177.70 OK
r-release-linux-x86_64 1.3.1 43.04 68.13 111.17 OK
r-release-macos-arm64 1.3.1 OK
r-release-macos-x86_64 1.3.1 OK
r-release-windows-ix86+x86_64 1.3.1 127.00 138.00 265.00 OK
r-oldrel-macos-x86_64 1.3.1 OK

Check Details

Version: 1.3.1
Check: compiled code
Result: NOTE
    File ‘onlinePCA/libs/onlinePCA.so’:
     Found no calls to: ‘R_registerRoutines’, ‘R_useDynamicSymbols’
    
    It is good practice to register native routines and to disable symbol
    search.
    
    See ‘Writing portable packages’ in the ‘Writing R Extensions’ manual.
Flavors: r-devel-linux-x86_64-fedora-clang, r-devel-linux-x86_64-fedora-gcc