CRAN Package Check Results for Package onemap

Last updated on 2021-06-24 09:52:38 CEST.

Flavor Version Tinstall Tcheck Ttotal Status Flags
r-devel-linux-x86_64-debian-clang 2.1.3 113.31 182.32 295.63 OK --no-vignettes
r-devel-linux-x86_64-debian-gcc 2.1.3 49.65 136.61 186.26 OK --no-vignettes
r-devel-linux-x86_64-fedora-clang 2.1.3 1232.03 NOTE
r-devel-linux-x86_64-fedora-gcc 2.1.3 1117.00 NOTE
r-devel-windows-x86_64 2.1.3 133.00 703.00 836.00 OK
r-devel-windows-x86_64-gcc10-UCRT 2.1.3 ERROR
r-patched-linux-x86_64 2.1.3 63.75 173.53 237.28 OK --no-vignettes
r-patched-solaris-x86 2.1.3 415.90 OK --no-vignettes
r-release-linux-x86_64 2.1.3 90.64 173.35 263.99 OK --no-vignettes
r-release-macos-arm64 2.1.3 NOTE
r-release-macos-x86_64 2.1.3 OK
r-release-windows-ix86+x86_64 2.1.3 151.00 719.00 870.00 NOTE
r-oldrel-macos-x86_64 2.1.3 NOTE

Check Details

Version: 2.1.3
Check: installed package size
Result: NOTE
     installed size is 5.6Mb
     sub-directories of 1Mb or more:
     doc 1.9Mb
     libs 2.5Mb
Flavors: r-devel-linux-x86_64-fedora-clang, r-release-macos-arm64, r-release-windows-ix86+x86_64

Version: 2.1.3
Check: compiled code
Result: NOTE
    File ‘onemap/libs/onemap.so’:
     Found no calls to: ‘R_registerRoutines’, ‘R_useDynamicSymbols’
    
    It is good practice to register native routines and to disable symbol
    search.
    
    See ‘Writing portable packages’ in the ‘Writing R Extensions’ manual.
Flavors: r-devel-linux-x86_64-fedora-clang, r-devel-linux-x86_64-fedora-gcc

Version: 2.1.3
Check: package dependencies
Result: ERROR
    Packages required but not available: 'plotly', 'MDSMap'
    
    See section 'The DESCRIPTION file' in the 'Writing R Extensions'
    manual.
Flavor: r-devel-windows-x86_64-gcc10-UCRT

Version: 2.1.3
Check: package dependencies
Result: NOTE
    Package suggested but not available for checking: ‘vcfR’
Flavor: r-oldrel-macos-x86_64