CRAN Package Check Results for Package offlineChange

Last updated on 2021-06-22 09:51:44 CEST.

Flavor Version Tinstall Tcheck Ttotal Status Flags
r-devel-linux-x86_64-debian-clang 0.0.4 27.94 36.65 64.59 NOTE
r-devel-linux-x86_64-debian-gcc 0.0.4 17.18 28.74 45.92 NOTE
r-devel-linux-x86_64-fedora-clang 0.0.4 89.80 NOTE
r-devel-linux-x86_64-fedora-gcc 0.0.4 75.52 NOTE
r-devel-windows-x86_64 0.0.4 31.00 52.00 83.00 NOTE
r-devel-windows-x86_64-gcc10-UCRT 0.0.4 NOTE
r-patched-linux-x86_64 0.0.4 18.15 35.92 54.07 NOTE
r-patched-solaris-x86 0.0.4 86.40 NOTE
r-release-linux-x86_64 0.0.4 19.17 36.23 55.40 NOTE
r-release-macos-arm64 0.0.4 NOTE
r-release-macos-x86_64 0.0.4 NOTE
r-release-windows-ix86+x86_64 0.0.4 55.00 76.00 131.00 NOTE
r-oldrel-macos-x86_64 0.0.4 OK

Check Details

Version: 0.0.4
Check: LazyData
Result: NOTE
     'LazyData' is specified without a 'data' directory
Flavors: r-devel-linux-x86_64-debian-clang, r-devel-linux-x86_64-debian-gcc, r-devel-linux-x86_64-fedora-clang, r-devel-linux-x86_64-fedora-gcc, r-devel-windows-x86_64, r-devel-windows-x86_64-gcc10-UCRT, r-patched-linux-x86_64, r-patched-solaris-x86, r-release-linux-x86_64, r-release-macos-arm64, r-release-macos-x86_64, r-release-windows-ix86+x86_64