CRAN Package Check Results for Package officer

Last updated on 2021-06-22 09:51:44 CEST.

Flavor Version Tinstall Tcheck Ttotal Status Flags
r-devel-linux-x86_64-debian-clang 0.3.18 19.70 99.22 118.92 OK
r-devel-linux-x86_64-debian-gcc 0.3.18 16.23 74.88 91.11 OK
r-devel-linux-x86_64-fedora-clang 0.3.18 150.89 OK
r-devel-linux-x86_64-fedora-gcc 0.3.18 143.49 OK
r-devel-windows-x86_64 0.3.18 32.00 113.00 145.00 OK
r-devel-windows-x86_64-gcc10-UCRT 0.3.18 OK
r-patched-linux-x86_64 0.3.18 20.44 95.69 116.13 OK
r-patched-solaris-x86 0.3.18 179.70 NOTE
r-release-linux-x86_64 0.3.18 17.89 94.93 112.82 OK
r-release-macos-arm64 0.3.18 OK
r-release-macos-x86_64 0.3.18 OK
r-release-windows-ix86+x86_64 0.3.18 31.00 133.00 164.00 OK
r-oldrel-macos-x86_64 0.3.18 OK

Check Details

Version: 0.3.18
Check: package dependencies
Result: NOTE
    Package suggested but not available for checking: ‘rsvg’
Flavor: r-patched-solaris-x86