CRAN Package Check Results for Package oem

Last updated on 2021-04-15 09:50:08 CEST.

Flavor Version Tinstall Tcheck Ttotal Status Flags
r-devel-linux-x86_64-debian-clang 2.0.10 395.72 217.71 613.43 NOTE
r-devel-linux-x86_64-debian-gcc 2.0.10 303.22 156.65 459.87 NOTE
r-devel-linux-x86_64-fedora-clang 2.0.10 812.93 NOTE
r-devel-linux-x86_64-fedora-gcc 2.0.10 834.00 NOTE
r-devel-windows-ix86+x86_64 2.0.10 795.00 291.00 1086.00 NOTE
r-devel-windows-x86_64-gcc10-UCRT 2.0.10 NOTE
r-patched-linux-x86_64 2.0.10 337.71 216.75 554.46 OK
r-patched-solaris-x86 2.0.10 918.50 OK
r-release-linux-x86_64 2.0.10 338.84 205.77 544.61 OK
r-release-macos-x86_64 2.0.10 NOTE
r-release-windows-ix86+x86_64 2.0.10 642.00 344.00 986.00 OK
r-oldrel-macos-x86_64 2.0.10 NOTE
r-oldrel-windows-ix86+x86_64 2.0.10 679.00 250.00 929.00 OK

Check Details

Version: 2.0.10
Check: LazyData
Result: NOTE
     'LazyData' is specified without a 'data' directory
Flavors: r-devel-linux-x86_64-debian-clang, r-devel-linux-x86_64-debian-gcc, r-devel-linux-x86_64-fedora-clang, r-devel-linux-x86_64-fedora-gcc, r-devel-windows-ix86+x86_64, r-devel-windows-x86_64-gcc10-UCRT

Version: 2.0.10
Check: installed package size
Result: NOTE
     installed size is 91.9Mb
     sub-directories of 1Mb or more:
     libs 91.4Mb
Flavors: r-devel-linux-x86_64-fedora-clang, r-release-macos-x86_64, r-oldrel-macos-x86_64