CRAN Package Check Results for Package oaqc

Last updated on 2021-06-22 09:51:44 CEST.

Flavor Version Tinstall Tcheck Ttotal Status Flags
r-devel-linux-x86_64-debian-clang 1.0 4.85 23.29 28.14 NOTE
r-devel-linux-x86_64-debian-gcc 1.0 3.51 18.46 21.97 NOTE
r-devel-linux-x86_64-fedora-clang 1.0 46.67 NOTE
r-devel-linux-x86_64-fedora-gcc 1.0 33.85 NOTE
r-devel-windows-x86_64 1.0 10.00 39.00 49.00 NOTE
r-devel-windows-x86_64-gcc10-UCRT 1.0 NOTE
r-patched-linux-x86_64 1.0 4.39 22.58 26.97 NOTE
r-patched-solaris-x86 1.0 54.90 NOTE
r-release-linux-x86_64 1.0 3.49 22.34 25.83 NOTE
r-release-macos-arm64 1.0 NOTE
r-release-macos-x86_64 1.0 NOTE
r-release-windows-ix86+x86_64 1.0 15.00 56.00 71.00 NOTE
r-oldrel-macos-x86_64 1.0 OK

Check Details

Version: 1.0
Check: LazyData
Result: NOTE
     'LazyData' is specified without a 'data' directory
Flavors: r-devel-linux-x86_64-debian-clang, r-devel-linux-x86_64-debian-gcc, r-devel-linux-x86_64-fedora-clang, r-devel-linux-x86_64-fedora-gcc, r-devel-windows-x86_64, r-devel-windows-x86_64-gcc10-UCRT, r-patched-linux-x86_64, r-patched-solaris-x86, r-release-linux-x86_64, r-release-macos-arm64, r-release-macos-x86_64, r-release-windows-ix86+x86_64