CRAN Package Check Results for Package nscancor

Last updated on 2021-04-15 09:50:08 CEST.

Flavor Version Tinstall Tcheck Ttotal Status Flags
r-devel-linux-x86_64-debian-clang 0.6.1-25 2.17 34.66 36.83 OK
r-devel-linux-x86_64-debian-gcc 0.6.1-25 1.67 25.77 27.44 OK
r-devel-linux-x86_64-fedora-clang 0.6.1-25 53.43 OK
r-devel-linux-x86_64-fedora-gcc 0.6.1-25 44.64 OK
r-devel-windows-ix86+x86_64 0.6.1-25 5.00 45.00 50.00 OK
r-devel-windows-x86_64-gcc10-UCRT 0.6.1-25 OK
r-patched-linux-x86_64 0.6.1-25 2.03 33.64 35.67 OK
r-patched-solaris-x86 0.6.1-25 66.60 OK
r-release-linux-x86_64 0.6.1-25 2.30 33.58 35.88 OK
r-release-macos-x86_64 0.6.1-25 OK
r-release-windows-ix86+x86_64 0.6.1-25 5.00 51.00 56.00 OK
r-oldrel-macos-x86_64 0.6.1-25 NOTE
r-oldrel-windows-ix86+x86_64 0.6.1-25 4.00 36.00 40.00 OK

Check Details

Version: 0.6.1-25
Check: package dependencies
Result: NOTE
    Package suggested but not available for checking: ‘PMA’
Flavor: r-oldrel-macos-x86_64