CRAN Package Check Results for Package npsurvSS

Last updated on 2021-06-22 09:51:44 CEST.

Flavor Version Tinstall Tcheck Ttotal Status Flags
r-devel-linux-x86_64-debian-clang 1.0.1 3.43 283.88 287.31 NOTE
r-devel-linux-x86_64-debian-gcc 1.0.1 2.73 178.70 181.43 NOTE
r-devel-linux-x86_64-fedora-clang 1.0.1 290.87 NOTE
r-devel-linux-x86_64-fedora-gcc 1.0.1 295.71 NOTE
r-devel-windows-x86_64 1.0.1 6.00 221.00 227.00 NOTE
r-devel-windows-x86_64-gcc10-UCRT 1.0.1 WARN
r-patched-linux-x86_64 1.0.1 3.33 239.11 242.44 NOTE
r-patched-solaris-x86 1.0.1 348.70 NOTE
r-release-linux-x86_64 1.0.1 3.15 241.53 244.68 NOTE
r-release-macos-arm64 1.0.1 NOTE
r-release-macos-x86_64 1.0.1 NOTE
r-release-windows-ix86+x86_64 1.0.1 7.00 286.00 293.00 NOTE
r-oldrel-macos-x86_64 1.0.1 OK

Check Details

Version: 1.0.1
Check: LazyData
Result: NOTE
     'LazyData' is specified without a 'data' directory
Flavors: r-devel-linux-x86_64-debian-clang, r-devel-linux-x86_64-debian-gcc, r-devel-linux-x86_64-fedora-clang, r-devel-linux-x86_64-fedora-gcc, r-devel-windows-x86_64, r-devel-windows-x86_64-gcc10-UCRT, r-patched-linux-x86_64, r-patched-solaris-x86, r-release-linux-x86_64, r-release-macos-arm64, r-release-macos-x86_64, r-release-windows-ix86+x86_64

Version: 1.0.1
Check: package dependencies
Result: NOTE
    Package suggested but not available for checking: 'tidyverse'
Flavor: r-devel-windows-x86_64-gcc10-UCRT

Version: 1.0.1
Check: re-building of vignette outputs
Result: WARN
    Error(s) in re-building vignettes:
     ...
    --- re-building 'basic_functionalities.Rmd' using rmarkdown
    --- finished re-building 'basic_functionalities.Rmd'
    
    --- re-building 'example1.Rmd' using rmarkdown
    Quitting from lines 22-25 (example1.Rmd)
    Error: processing vignette 'example1.Rmd' failed with diagnostics:
    there is no package called 'tidyverse'
    --- failed re-building 'example1.Rmd'
    
    --- re-building 'example2.Rmd' using rmarkdown
    Quitting from lines 22-25 (example2.Rmd)
    Error: processing vignette 'example2.Rmd' failed with diagnostics:
    there is no package called 'tidyverse'
    --- failed re-building 'example2.Rmd'
    
    SUMMARY: processing the following files failed:
     'example1.Rmd' 'example2.Rmd'
    
    Error: Vignette re-building failed.
    Execution halted
Flavor: r-devel-windows-x86_64-gcc10-UCRT