CRAN Package Check Results for Package npsr

Last updated on 2021-04-15 09:50:08 CEST.

Flavor Version Tinstall Tcheck Ttotal Status Flags
r-devel-linux-x86_64-debian-clang 0.1.1 2.39 31.84 34.23 NOTE
r-devel-linux-x86_64-debian-gcc 0.1.1 1.98 24.57 26.55 NOTE
r-devel-linux-x86_64-fedora-clang 0.1.1 51.54 NOTE
r-devel-linux-x86_64-fedora-gcc 0.1.1 42.99 NOTE
r-devel-windows-ix86+x86_64 0.1.1 7.00 42.00 49.00 NOTE
r-devel-windows-x86_64-gcc10-UCRT 0.1.1 NOTE
r-patched-linux-x86_64 0.1.1 2.30 31.83 34.13 OK
r-patched-solaris-x86 0.1.1 64.90 OK
r-release-linux-x86_64 0.1.1 2.29 31.33 33.62 OK
r-release-macos-x86_64 0.1.1 OK
r-release-windows-ix86+x86_64 0.1.1 5.00 51.00 56.00 OK
r-oldrel-macos-x86_64 0.1.1 OK
r-oldrel-windows-ix86+x86_64 0.1.1 5.00 37.00 42.00 OK

Check Details

Version: 0.1.1
Check: LazyData
Result: NOTE
     'LazyData' is specified without a 'data' directory
Flavors: r-devel-linux-x86_64-debian-clang, r-devel-linux-x86_64-debian-gcc, r-devel-linux-x86_64-fedora-clang, r-devel-linux-x86_64-fedora-gcc, r-devel-windows-ix86+x86_64, r-devel-windows-x86_64-gcc10-UCRT