CRAN Package Check Results for Package nomisr

Last updated on 2020-03-30 20:48:35 CEST.

Flavor Version Tinstall Tcheck Ttotal Status Flags
r-devel-linux-x86_64-debian-clang 0.4.3 6.61 70.04 76.65 OK
r-devel-linux-x86_64-debian-gcc 0.4.3 5.52 53.24 58.76 OK
r-devel-linux-x86_64-fedora-clang 0.4.3 91.84 OK
r-devel-linux-x86_64-fedora-gcc 0.4.3 88.19 OK
r-devel-windows-ix86+x86_64 0.4.3 21.00 129.00 150.00 OK
r-devel-windows-ix86+x86_64-gcc8 0.4.3 17.00 135.00 152.00 OK
r-patched-linux-x86_64 0.4.3 7.35 66.02 73.37 OK
r-patched-solaris-x86 0.4.3 134.30 OK
r-release-linux-x86_64 0.4.3 5.54 61.51 67.05 OK
r-release-windows-ix86+x86_64 0.4.3 24.00 165.00 189.00 OK
r-release-osx-x86_64 0.4.3 OK
r-oldrel-windows-ix86+x86_64 0.4.3 16.00 182.00 198.00 OK
r-oldrel-osx-x86_64 0.4.3 WARN

Check Details

Version: 0.4.3
Check: re-building of vignette outputs
Result: WARN
    Error in re-building vignettes:
     ...
    Warning in engine$weave(file, quiet = quiet, encoding = enc) :
     Pandoc (>= 1.12.3) and/or pandoc-citeproc not available. Falling back to R Markdown v1.
    Quitting from lines 75-87 (introduction.Rmd)
    Error: processing vignette 'introduction.Rmd' failed with diagnostics:
    Timeout was reached: [www.nomisweb.co.uk] Operation timed out after 0 milliseconds with 0 out of 0 bytes received
    Execution halted
Flavor: r-oldrel-osx-x86_64