CRAN Package Check Results for Package nombre

Last updated on 2021-04-15 09:50:08 CEST.

Flavor Version Tinstall Tcheck Ttotal Status Flags
r-devel-linux-x86_64-debian-clang 0.3.0 3.13 35.13 38.26 NOTE
r-devel-linux-x86_64-debian-gcc 0.3.0 2.08 26.99 29.07 NOTE
r-devel-linux-x86_64-fedora-clang 0.3.0 55.42 NOTE
r-devel-linux-x86_64-fedora-gcc 0.3.0 47.51 NOTE
r-devel-windows-ix86+x86_64 0.3.0 7.00 44.00 51.00 NOTE
r-devel-windows-x86_64-gcc10-UCRT 0.3.0 NOTE
r-patched-linux-x86_64 0.3.0 2.43 34.26 36.69 OK
r-patched-solaris-x86 0.3.0 65.90 OK
r-release-linux-x86_64 0.3.0 2.54 34.02 36.56 OK
r-release-macos-x86_64 0.3.0 OK
r-release-windows-ix86+x86_64 0.3.0 6.00 54.00 60.00 OK
r-oldrel-macos-x86_64 0.3.0 OK
r-oldrel-windows-ix86+x86_64 0.3.0 5.00 39.00 44.00 OK

Check Details

Version: 0.3.0
Check: LazyData
Result: NOTE
     'LazyData' is specified without a 'data' directory
Flavors: r-devel-linux-x86_64-debian-clang, r-devel-linux-x86_64-debian-gcc, r-devel-linux-x86_64-fedora-clang, r-devel-linux-x86_64-fedora-gcc, r-devel-windows-ix86+x86_64, r-devel-windows-x86_64-gcc10-UCRT