CRAN Package Check Results for Package noaastormevents

Last updated on 2020-03-30 20:48:35 CEST.

Flavor Version Tinstall Tcheck Ttotal Status Flags
r-devel-linux-x86_64-debian-clang 0.1.1 6.50 48.94 55.44 NOTE
r-devel-linux-x86_64-debian-gcc 0.1.1 4.95 38.05 43.00 NOTE
r-devel-linux-x86_64-fedora-clang 0.1.1 67.53 NOTE
r-devel-linux-x86_64-fedora-gcc 0.1.1 65.37 NOTE
r-devel-windows-ix86+x86_64 0.1.1 17.00 59.00 76.00 NOTE
r-devel-windows-ix86+x86_64-gcc8 0.1.1 15.00 65.00 80.00 NOTE
r-patched-linux-x86_64 0.1.1 5.42 46.93 52.35 NOTE
r-patched-solaris-x86 0.1.1 104.00 NOTE
r-release-linux-x86_64 0.1.1 5.02 43.15 48.17 NOTE
r-release-windows-ix86+x86_64 0.1.1 12.00 86.00 98.00 NOTE
r-release-osx-x86_64 0.1.1 NOTE
r-oldrel-windows-ix86+x86_64 0.1.1 13.00 90.00 103.00 NOTE
r-oldrel-osx-x86_64 0.1.1 NOTE

Check Details

Version: 0.1.1
Check: package dependencies
Result: NOTE
    Package suggested but not available for checking: 'hurricaneexposuredata'
Flavors: r-devel-linux-x86_64-debian-clang, r-devel-linux-x86_64-debian-gcc, r-devel-linux-x86_64-fedora-clang, r-devel-linux-x86_64-fedora-gcc, r-devel-windows-ix86+x86_64, r-devel-windows-ix86+x86_64-gcc8, r-patched-linux-x86_64, r-patched-solaris-x86, r-release-linux-x86_64, r-release-windows-ix86+x86_64, r-release-osx-x86_64, r-oldrel-windows-ix86+x86_64, r-oldrel-osx-x86_64

Version: 0.1.1
Check: dependencies in R code
Result: NOTE
    Namespaces in Imports field not imported from:
     ‘RColorBrewer’ ‘XML’ ‘choroplethr’ ‘choroplethrMaps’ ‘data.table’
     ‘forcats’ ‘hurricaneexposure’ ‘plyr’
     All declared Imports should be used.
Flavors: r-devel-linux-x86_64-fedora-clang, r-devel-linux-x86_64-fedora-gcc, r-patched-solaris-x86, r-release-osx-x86_64, r-oldrel-osx-x86_64