CRAN Package Check Results for Package ngramr

Last updated on 2021-04-15 09:50:08 CEST.

Flavor Version Tinstall Tcheck Ttotal Status Flags
r-devel-linux-x86_64-debian-clang 1.7.2 5.25 52.36 57.61 OK
r-devel-linux-x86_64-debian-gcc 1.7.2 4.30 39.98 44.28 OK
r-devel-linux-x86_64-fedora-clang 1.7.2 76.43 NOTE
r-devel-linux-x86_64-fedora-gcc 1.7.2 68.65 NOTE
r-devel-windows-ix86+x86_64 1.7.2 13.00 71.00 84.00 OK
r-devel-windows-x86_64-gcc10-UCRT 1.7.2 NOTE
r-patched-linux-x86_64 1.7.2 4.76 49.37 54.13 OK
r-patched-solaris-x86 1.7.2 102.60 NOTE
r-release-linux-x86_64 1.7.2 4.58 49.49 54.07 OK
r-release-macos-x86_64 1.7.2 NOTE
r-release-windows-ix86+x86_64 1.7.2 28.00 80.00 108.00 OK
r-oldrel-macos-x86_64 1.7.2 NOTE
r-oldrel-windows-ix86+x86_64 1.7.2 9.00 54.00 63.00 OK

Check Details

Version: 1.7.2
Check: dependencies in R code
Result: NOTE
    Namespace in Imports field not imported from: ‘lifecycle’
     All declared Imports should be used.
Flavors: r-devel-linux-x86_64-fedora-clang, r-devel-linux-x86_64-fedora-gcc, r-devel-windows-x86_64-gcc10-UCRT, r-patched-solaris-x86, r-release-macos-x86_64, r-oldrel-macos-x86_64