CRAN Package Check Results for Package neuropsychology

Last updated on 2020-03-30 20:48:34 CEST.

Flavor Version Tinstall Tcheck Ttotal Status Flags
r-devel-linux-x86_64-debian-clang 0.5.0 35.37 187.82 223.19 NOTE
r-devel-linux-x86_64-debian-gcc 0.5.0 30.80 147.34 178.14 NOTE
r-devel-linux-x86_64-fedora-clang 0.5.0 276.86 NOTE
r-devel-linux-x86_64-fedora-gcc 0.5.0 269.86 NOTE
r-devel-windows-ix86+x86_64 0.5.0 74.00 183.00 257.00 OK
r-devel-windows-ix86+x86_64-gcc8 0.5.0 61.00 203.00 264.00 OK
r-patched-linux-x86_64 0.5.0 36.71 179.25 215.96 NOTE
r-patched-solaris-x86 0.5.0 462.00 NOTE
r-release-linux-x86_64 0.5.0 31.56 166.57 198.13 OK
r-release-windows-ix86+x86_64 0.5.0 64.00 296.00 360.00 OK
r-release-osx-x86_64 0.5.0 NOTE
r-oldrel-windows-ix86+x86_64 0.5.0 65.00 254.00 319.00 OK
r-oldrel-osx-x86_64 0.5.0 NOTE

Check Details

Version: 0.5.0
Check: for non-standard things in the check directory
Result: NOTE
    Found the following files/directories:
     'correlation_table.csv' 'mycorrplot.png'
Flavors: r-devel-linux-x86_64-debian-clang, r-devel-linux-x86_64-debian-gcc, r-devel-linux-x86_64-fedora-clang, r-devel-linux-x86_64-fedora-gcc, r-patched-linux-x86_64, r-patched-solaris-x86

Version: 0.5.0
Check: dependencies in R code
Result: NOTE
    Namespaces in Imports field not imported from:
     ‘htmlTable’ ‘lme4’ ‘stringi’
     All declared Imports should be used.
Flavors: r-devel-linux-x86_64-fedora-clang, r-devel-linux-x86_64-fedora-gcc, r-patched-solaris-x86, r-release-osx-x86_64, r-oldrel-osx-x86_64