CRAN Package Check Results for Package netchain

Last updated on 2021-06-16 09:53:30 CEST.

Flavor Version Tinstall Tcheck Ttotal Status Flags
r-devel-linux-x86_64-debian-clang 0.2.0 24.83 113.49 138.32 OK
r-devel-linux-x86_64-debian-gcc 0.2.0 14.44 76.78 91.22 OK
r-devel-linux-x86_64-fedora-clang 0.2.0 177.31 NOTE
r-devel-linux-x86_64-fedora-gcc 0.2.0 161.73 NOTE
r-devel-windows-x86_64 0.2.0 27.00 151.00 178.00 OK
r-devel-windows-x86_64-gcc10-UCRT 0.2.0 NOTE
r-patched-linux-x86_64 0.2.0 14.81 105.98 120.79 OK
r-patched-solaris-x86 0.2.0 183.10 NOTE
r-release-linux-x86_64 0.2.0 15.96 110.00 125.96 OK
r-release-macos-arm64 0.2.0 NOTE
r-release-macos-x86_64 0.2.0 NOTE
r-release-windows-ix86+x86_64 0.2.0 48.00 236.00 284.00 OK
r-oldrel-macos-x86_64 0.2.0 NOTE
r-oldrel-windows-ix86+x86_64 0.2.0 35.00 236.00 271.00 OK

Check Details

Version: 0.2.0
Check: dependencies in R code
Result: NOTE
    Namespaces in Imports field not imported from:
     ‘Matrix’ ‘igraph’
     All declared Imports should be used.
Flavors: r-devel-linux-x86_64-fedora-clang, r-devel-linux-x86_64-fedora-gcc, r-devel-windows-x86_64-gcc10-UCRT, r-patched-solaris-x86, r-release-macos-arm64, r-release-macos-x86_64, r-oldrel-macos-x86_64