CRAN Package Check Results for Package neighbr

Last updated on 2021-06-22 09:51:44 CEST.

Flavor Version Tinstall Tcheck Ttotal Status Flags
r-devel-linux-x86_64-debian-clang 1.0.3 2.13 34.57 36.70 NOTE
r-devel-linux-x86_64-debian-gcc 1.0.3 1.63 25.96 27.59 NOTE
r-devel-linux-x86_64-fedora-clang 1.0.3 52.65 NOTE
r-devel-linux-x86_64-fedora-gcc 1.0.3 43.40 NOTE
r-devel-windows-x86_64 1.0.3 6.00 57.00 63.00 NOTE
r-devel-windows-x86_64-gcc10-UCRT 1.0.3 NOTE
r-patched-linux-x86_64 1.0.3 2.21 33.64 35.85 NOTE
r-patched-solaris-x86 1.0.3 59.90 NOTE
r-release-linux-x86_64 1.0.3 2.23 33.28 35.51 NOTE
r-release-macos-arm64 1.0.3 NOTE
r-release-macos-x86_64 1.0.3 NOTE
r-release-windows-ix86+x86_64 1.0.3 6.00 51.00 57.00 NOTE
r-oldrel-macos-x86_64 1.0.3 OK

Check Details

Version: 1.0.3
Check: LazyData
Result: NOTE
     'LazyData' is specified without a 'data' directory
Flavors: r-devel-linux-x86_64-debian-clang, r-devel-linux-x86_64-debian-gcc, r-devel-linux-x86_64-fedora-clang, r-devel-linux-x86_64-fedora-gcc, r-devel-windows-x86_64, r-devel-windows-x86_64-gcc10-UCRT, r-patched-linux-x86_64, r-patched-solaris-x86, r-release-linux-x86_64, r-release-macos-arm64, r-release-macos-x86_64, r-release-windows-ix86+x86_64