CRAN Package Check Results for Package neatStats

Last updated on 2020-04-09 07:48:13 CEST.

Flavor Version Tinstall Tcheck Ttotal Status Flags
r-devel-linux-x86_64-debian-clang 1.0.4 5.97 57.16 63.13 OK
r-devel-linux-x86_64-debian-gcc 1.0.4 5.19 43.39 48.58 OK
r-devel-linux-x86_64-fedora-clang 1.0.4 75.35 NOTE
r-devel-linux-x86_64-fedora-gcc 1.0.4 76.00 NOTE
r-devel-windows-ix86+x86_64 1.0.4 18.00 111.00 129.00 OK
r-devel-windows-ix86+x86_64-gcc8 1.0.4 17.00 72.00 89.00 OK
r-patched-linux-x86_64 1.0.4 5.45 54.07 59.52 OK
r-patched-solaris-x86 1.0.4 104.10 NOTE
r-release-linux-x86_64 1.0.4 5.50 50.58 56.08 OK
r-release-windows-ix86+x86_64 1.0.4 13.00 107.00 120.00 OK
r-release-osx-x86_64 1.0.4 NOTE
r-oldrel-osx-x86_64 1.0.4 ERROR

Check Details

Version: 1.0.4
Check: dependencies in R code
Result: NOTE
    Namespace in Imports field not imported from: ‘ez’
     All declared Imports should be used.
Flavors: r-devel-linux-x86_64-fedora-clang, r-devel-linux-x86_64-fedora-gcc, r-patched-solaris-x86, r-release-osx-x86_64

Version: 1.0.4
Check: whether package can be installed
Result: ERROR
    Installation failed.
Flavor: r-oldrel-osx-x86_64