CRAN Package Check Results for Package neatRanges

Last updated on 2020-02-21 17:47:52 CET.

Flavor Version Tinstall Tcheck Ttotal Status Flags
r-devel-linux-x86_64-debian-clang 0.1.0 2.53 29.19 31.72 ERROR
r-devel-linux-x86_64-debian-gcc 0.1.0 2.15 21.49 23.64 OK
r-devel-linux-x86_64-fedora-clang 0.1.0 37.74 OK
r-devel-linux-x86_64-fedora-gcc 0.1.0 35.78 OK
r-devel-windows-ix86+x86_64 0.1.0 7.00 39.00 46.00 OK
r-devel-windows-ix86+x86_64-gcc8 0.1.0 11.00 53.00 64.00 OK
r-patched-linux-x86_64 0.1.0 2.08 25.85 27.93 OK
r-patched-solaris-x86 0.1.0 50.10 OK
r-release-linux-x86_64 0.1.0 1.92 27.16 29.08 OK
r-release-windows-ix86+x86_64 0.1.0 5.00 39.00 44.00 OK
r-release-osx-x86_64 0.1.0 OK
r-oldrel-windows-ix86+x86_64 0.1.0 3.00 36.00 39.00 OK
r-oldrel-osx-x86_64 0.1.0 OK

Check Details

Version: 0.1.0
Check: tests
Result: ERROR
     Running 'testthat.R' [4s/3s]
    Running the tests in 'tests/testthat.R' failed.
    Complete output:
     > library(testthat)
     > library(neatRanges)
     >
     > test_check("neatRanges")
     -- 1. Failure: collapse_ranges functions with date formats (@testneatRanges_coll
     `output_date` not equal to `df`.
     Component "id": 'current' is not a factor
     Component "rating": 'current' is not a factor
    
     -- 2. Failure: collapse_ranges functions with timestamps (@testneatRanges_collap
     `output_time` not equal to `df`.
     Component "id": 'current' is not a factor
     Component "diary": 'current' is not a factor
    
     -- 3. Failure: combine_ranges functions with date formats (@testneatRanges_combi
     `output_date` not equal to `df`.
     Component "group": 'current' is not a factor
    
     -- 4. Failure: expand_dates is functional (@testneatRanges_expand.R#108) ------
     `output_date` not equal to `df_dates`.
     Component "id": 'current' is not a factor
     Component "gender": 'current' is not a factor
    
     -- 5. Failure: expand_times is functional (@testneatRanges_expand.R#168) ------
     `output_time` not equal to `df_times`.
     Component "id": 'current' is not a factor
     Component "gender": 'current' is not a factor
    
     -- 6. Failure: fill_ranges functions with date formats (@testneatRanges_fill.R#4
     `output_date` not equal to `df`.
     Component "group": 'current' is not a factor
    
     -- 7. Failure: fill_ranges functions with date formats & no groups (@testneatRan
     `output_date` not equal to `df`.
     Component "group": 'current' is not a factor
    
     -- 8. Failure: fill_ranges functions with timestamp formats (@testneatRanges_fil
     `output_times` not equal to `df`.
     Component "group": 'current' is not a factor
    
     -- 9. Failure: fill_ranges functions with fill (@testneatRanges_fill.R#237) ---
     `output_fill` not equal to `df`.
     Component "group": 'current' is not a factor
    
     -- 10. Failure: partition_ranges is functional when partitioning by year (@testn
     `output` not equal to `output_foo`.
     Component "group": 'current' is not a factor
    
     -- 11. Failure: partition_ranges is functional when partitioning by month (@test
     `output` not equal to `output_foo`.
     Component "group": 'current' is not a factor
    
     == testthat results ===========================================================
     [ OK: 1 | SKIPPED: 0 | WARNINGS: 2 | FAILED: 11 ]
     1. Failure: collapse_ranges functions with date formats (@testneatRanges_collapse.R#46)
     2. Failure: collapse_ranges functions with timestamps (@testneatRanges_collapse.R#130)
     3. Failure: combine_ranges functions with date formats (@testneatRanges_combine.R#52)
     4. Failure: expand_dates is functional (@testneatRanges_expand.R#108)
     5. Failure: expand_times is functional (@testneatRanges_expand.R#168)
     6. Failure: fill_ranges functions with date formats (@testneatRanges_fill.R#44)
     7. Failure: fill_ranges functions with date formats & no groups (@testneatRanges_fill.R#82)
     8. Failure: fill_ranges functions with timestamp formats (@testneatRanges_fill.R#143)
     9. Failure: fill_ranges functions with fill (@testneatRanges_fill.R#237)
     1. ...
    
     Error: testthat unit tests failed
     Execution halted
Flavor: r-devel-linux-x86_64-debian-clang