CRAN Package Check Results for Package ndtv

Last updated on 2021-04-15 09:50:08 CEST.

Flavor Version Tinstall Tcheck Ttotal Status Flags
r-devel-linux-x86_64-debian-clang 0.13.0 7.19 346.42 353.61 NOTE
r-devel-linux-x86_64-debian-gcc 0.13.0 5.34 264.46 269.80 NOTE
r-devel-linux-x86_64-fedora-clang 0.13.0 745.24 NOTE
r-devel-linux-x86_64-fedora-gcc 0.13.0 545.07 NOTE
r-devel-windows-ix86+x86_64 0.13.0 14.00 191.00 205.00 OK --no-vignettes
r-devel-windows-x86_64-gcc10-UCRT 0.13.0 OK
r-patched-linux-x86_64 0.13.0 7.29 326.71 334.00 NOTE
r-patched-solaris-x86 0.13.0 656.70 NOTE --no-build-vignettes
r-release-linux-x86_64 0.13.0 6.86 316.16 323.02 NOTE
r-release-macos-x86_64 0.13.0 OK
r-oldrel-macos-x86_64 0.13.0 OK
r-oldrel-windows-ix86+x86_64 0.13.0 9.00 152.00 161.00 OK --no-vignettes

Check Details

Version: 0.13.0
Check: for non-standard things in the check directory
Result: NOTE
    Found the following files/directories:
     'testNet.dot' 'toy_epi_sim.net'
Flavors: r-devel-linux-x86_64-debian-clang, r-devel-linux-x86_64-debian-gcc, r-devel-linux-x86_64-fedora-clang, r-devel-linux-x86_64-fedora-gcc, r-patched-linux-x86_64, r-release-linux-x86_64

Version: 0.13.0
Flags: --no-build-vignettes
Check: for non-standard things in the check directory
Result: NOTE
    Found the following files/directories:
     ‘testNet.dot’ ‘toy_epi_sim.net’
Flavor: r-patched-solaris-x86