CRAN Package Check Results for Package ndl

Last updated on 2021-04-15 09:50:08 CEST.

Flavor Version Tinstall Tcheck Ttotal Status Flags
r-devel-linux-x86_64-debian-clang 0.2.18 27.87 67.95 95.82 OK
r-devel-linux-x86_64-debian-gcc 0.2.18 18.59 51.84 70.43 OK
r-devel-linux-x86_64-fedora-clang 0.2.18 131.58 NOTE
r-devel-linux-x86_64-fedora-gcc 0.2.18 122.87 NOTE
r-devel-windows-ix86+x86_64 0.2.18 65.00 10.00 75.00 ERROR
r-devel-windows-x86_64-gcc10-UCRT 0.2.18 NOTE
r-patched-linux-x86_64 0.2.18 22.33 65.46 87.79 OK
r-patched-solaris-x86 0.2.18 146.80 NOTE
r-release-linux-x86_64 0.2.18 22.37 66.25 88.62 OK
r-release-macos-x86_64 0.2.18 NOTE
r-release-windows-ix86+x86_64 0.2.18 66.00 148.00 214.00 OK
r-oldrel-macos-x86_64 0.2.18 NOTE
r-oldrel-windows-ix86+x86_64 0.2.18 39.00 102.00 141.00 OK

Check Details

Version: 0.2.18
Check: data for non-ASCII characters
Result: NOTE
     Note: found 7332 marked UTF-8 strings
Flavors: r-devel-linux-x86_64-fedora-clang, r-devel-linux-x86_64-fedora-gcc, r-devel-windows-x86_64-gcc10-UCRT, r-patched-solaris-x86, r-release-macos-x86_64, r-oldrel-macos-x86_64

Version: 0.2.18
Check: whether package can be installed
Result: ERROR
    Installation failed.
Flavor: r-devel-windows-ix86+x86_64