CRAN Package Check Results for Package ncmeta

Last updated on 2021-04-15 09:50:08 CEST.

Flavor Version Tinstall Tcheck Ttotal Status Flags
r-devel-linux-x86_64-debian-clang 0.3.0 5.70 56.68 62.38 NOTE
r-devel-linux-x86_64-debian-gcc 0.3.0 3.91 43.09 47.00 NOTE
r-devel-linux-x86_64-fedora-clang 0.3.0 84.26 NOTE
r-devel-linux-x86_64-fedora-gcc 0.3.0 78.00 NOTE
r-devel-windows-x86_64-gcc10-UCRT 0.3.0 NOTE
r-patched-linux-x86_64 0.3.0 4.53 54.06 58.59 OK
r-patched-solaris-x86 0.3.0 94.80 OK
r-release-linux-x86_64 0.3.0 4.66 54.25 58.91 OK
r-release-macos-x86_64 0.3.0 OK
r-release-windows-ix86+x86_64 0.3.0 17.00 75.00 92.00 OK
r-oldrel-macos-x86_64 0.3.0 OK
r-oldrel-windows-ix86+x86_64 0.3.0 7.00 54.00 61.00 OK

Check Details

Version: 0.3.0
Check: LazyData
Result: NOTE
     'LazyData' is specified without a 'data' directory
Flavors: r-devel-linux-x86_64-debian-clang, r-devel-linux-x86_64-debian-gcc, r-devel-linux-x86_64-fedora-clang, r-devel-linux-x86_64-fedora-gcc, r-devel-windows-x86_64-gcc10-UCRT