CRAN Package Check Results for Package ncdump

Last updated on 2021-06-20 09:49:57 CEST.

Flavor Version Tinstall Tcheck Ttotal Status Flags
r-devel-linux-x86_64-debian-clang 0.0.3 3.53 42.87 46.40 NOTE
r-devel-linux-x86_64-debian-gcc 0.0.3 3.19 32.20 35.39 NOTE
r-devel-linux-x86_64-fedora-clang 0.0.3 65.34 NOTE
r-devel-linux-x86_64-fedora-gcc 0.0.3 53.20 NOTE
r-devel-windows-x86_64 0.0.3 7.00 59.00 66.00 NOTE
r-devel-windows-x86_64-gcc10-UCRT 0.0.3 NOTE
r-patched-linux-x86_64 0.0.3 3.38 40.23 43.61 NOTE
r-patched-solaris-x86 0.0.3 78.80 NOTE
r-release-linux-x86_64 0.0.3 4.06 40.05 44.11 NOTE
r-release-macos-arm64 0.0.3 NOTE
r-release-macos-x86_64 0.0.3 NOTE
r-release-windows-ix86+x86_64 0.0.3 8.00 57.00 65.00 NOTE
r-oldrel-macos-x86_64 0.0.3 OK
r-oldrel-windows-ix86+x86_64 0.0.3 7.00 65.00 72.00 OK

Check Details

Version: 0.0.3
Check: LazyData
Result: NOTE
     'LazyData' is specified without a 'data' directory
Flavors: r-devel-linux-x86_64-debian-clang, r-devel-linux-x86_64-debian-gcc, r-devel-linux-x86_64-fedora-clang, r-devel-linux-x86_64-fedora-gcc, r-devel-windows-x86_64, r-devel-windows-x86_64-gcc10-UCRT, r-patched-linux-x86_64, r-patched-solaris-x86, r-release-linux-x86_64, r-release-macos-arm64, r-release-macos-x86_64, r-release-windows-ix86+x86_64

Version: 0.0.3
Check: package dependencies
Result: NOTE
    Package suggested but not available for checking: 'covr'
Flavor: r-devel-windows-x86_64-gcc10-UCRT